3*r. Let p(f) be the first derivative of f**4/4 - 22*f**3/3 + 39*f**2/2 + 13*f - 9. Let b be p(20). What is l(b)?
21
Suppose 2*k - 2 = 2. Let b(o) = -3 - 199*o + 8 + 205*o - 1 - 4. Determine b(k).
12
Let h(y) = 3*y**2 + 19*y - 9. Let q(m) = -2*m**2 - 10*m + 4. Let s = -26 + 27. Let f be (-1 - s)/(-2 - 8/(-6)). Let b(l) = f*h(l) + 5*q(l). Calculate b(5).
3
Let d be (2 - -14) + (-792)/88. Let l(g) = 7*g - 4. Determine l(d).
45
Suppose 13*s = 25*s. Let o(r) = -16*r**3 - 5*r**2 + 9*r - 51. Let a(c) = 7*c**3 + 2*c**2 - 4*c + 26. Let k(d) = -7*a(d) - 3*o(d). Determine k(s).
-29
Let r(o) = 11*o**3 + 9*o**2 - 11*o - 2. Let z(v) = 2*v**3 + v**2 - 2*v - 1. Let m(y) = -r(y) + 5*z(y). Give m(-4).
-7
Let z = 1966 - -300. Let g(n) = 2266 - z - 2*n + n**2. Give g(4).
8
Let v(n) be the third derivative of -n**6/120 - 7*n**5/60 + 7*n**4/24 - 4942*n**2. Determine v(-7).
-49
Let c be 17/(-1) - (18/(-11))/(918/5049). Let v(w) = 0*w**2 - 2*w**2 + 18 + 11*w + 3*w**2. What is v(c)?
-6
Let b(a) = -51*a - 611. Let x be (1 + 0 - (-15)/(-9))*2898/161. Calculate b(x).
1
Let q(u) = -u**3 - 10*u**2 + 11*u + 11. Suppose 2*x + o - 67 = -0*o, x + o - 34 = 0. Suppose -x = 162*w - 159*w. Give q(w).
11
Let y(w) = -102 - 101 + 13*w + 308 - 98. What is y(-4)?
-45
Let c = 28 + -20. Suppose -3*s - 246 = -4*g, -2*s + c - 4 = 0. Let t(f) = -g + 0*f - f + 57. What is t(0)?
-6
Let w(v) = -v - 1. Let t(r) = r. Let u(j) = 2*t(j) + w(j). Let l(a) = 2*a - 2. Let c(f) = 2*l(f) - 5*u(f). Let b(o) = o - 26. Let q be b(29). Calculate c(q).
-2
Let x = 63 - -6788. Let s(n) = 6854 - 4*n - x - 8*n. Give s(2).
-21
Let n(k) be the second derivative of 0 - 40*k - 5/2*k**2 + 4/3*k**3 - 1/12*k**4. Suppose 5*a + 2 + 2 = -3*r, 0 = 2*r - 5*a - 39. Calculate n(r).
2
Let a(u) = -2*u**2 + 13*u + 985. Let m be a(0). Let l(c) = -m - 975 + 1936 - 5*c + c**2. Give l(8).
0
Let v(s) = 20 + 2*s**2 - s**2 - 372442*s + 372432*s. What is v(9)?
11
Let l(j) = -2*j - 10. Let z = 26163 + -26153. Calculate l(z).
-30
Suppose 0 = 164*n - 167*n + 18. Suppose 0 = 2*j + 16 - 24. Let a(d) = j*d - 7 - d - d. Calculate a(n).
5
Suppose 5*p = 4*g + 67, 77*g + 2*p = 78*g + 22. Let m(y) = 5*y + 46. Determine m(g).
6
Let f(h) be the first derivative of -h**5/20 - 7*h**4/12 - 5*h**3/6 + 2*h**2 - 232*h - 112. Let s(d) be the first derivative of f(d). Calculate s(-4).
-24
Suppose 5 = -o + 10. Suppose 5*l + n + 25 = l, 0 = o*l - n + 29. Let x(g) be the second derivative of g**3/6 - 5*g**2/2 + 14*g. Calculate x(l).
-11
Let f(c) = 5*c**2 + 8*c - 3. Let p(h) = 4*h**2 + 8*h - 4. Let l(i) = 5*f(i) - 6*p(i). Suppose 5*q + 43 = -0*w + 3*w, 3*w + 4*q + 2 = 0. Give l(w).
-3
Suppose -2 = 3*t - 5*a - 48, -5*a - 70 = -5*t. Let m(l) = 2*l - 5*l - 12*l - t + 2*l + l - l**2. Give m(-11).
-1
Suppose 0 = 284*w - 280*w + 5*m + 54, 0 = 2*m + 12. Let h(r) = -10*r - 63. Determine h(w).
-3
Let g(u) = -u**2 + 2*u + 4. Let l(c) = 2*c - 2. Let a(j) = 14*j + 7. Let m(q) = a(q) - 5*l(q). Let p be m(-5). Give g(p).
-11
Let s be (6 - ((-11)/(-77) - -6))/((-20)/7). Let n(k) be the second derivative of 1/4*k**4 - s*k**5 + 5/6*k**3 + 0 + 8*k + 1/2*k**2. Calculate n(4).
5
Let f(o) = -o**3 + 7*o**2 + 370*o - 59. Let j be f(23). Let m(g) = -5*g - 69. Determine m(j).
-4
Suppose -t = -2*v - 11, 68 = 3*t + 3*v + 17. Let x(j) = 19 + t + 291*j - 146*j - 148*j. Determine x(13).
-5
Let r = 1125 - 1123. Let t(v) be the first derivative of -4*v + r*v**3 + 3*v**2 + 1/4*v**4 + 5. Give t(-5).
-9
Let h be 21/(-9)*(-24)/8. Let p(x) = -2*x - 4*x - 2 + 8*x**2 + x + 112*x**3 - 113*x**3. Determine p(h).
12
Let x(h) be the third derivative of h**6/120 + 3*h**5/10 + 29*h**4/24 - 59*h**3/6 + 32*h**2 + 53. Determine x(-16).
-11
Let y = 190 + -180. Let z(w) = -3*w**2 + 2*w**2 - y*w**2. Determine z(-1).
-11
Let t(c) = c**3 - 4*c**2 + 2*c - 4. Let u be (36/3)/(-6) - -4. Suppose u*g - 88 = -5*f, 3*f + 8 = -4*g + 72. Suppose 17*o - 4 = f*o. What is t(o)?
4
Let h(c) be the second derivative of c**4/12 + 4*c**3/3 - 3*c**2 - 1437*c. Determine h(-7).
-13
Let c(d) = -24*d**3 - d**2 + 2*d - 1. Let q be (-87)/(((-2)/12)/(8/72)). Suppose -q*f + 52*f + 6 = 0. What is c(f)?
-24
Let y(o) = -o + 8. Suppose -241 - 461 = -3*b. Let m = b - 230. Calculate y(m).
4
Let x(m) be the second derivative of -m**4/12 + 2*m**3 - 8*m**2 + 9*m. Let n be x(10). Let q(w) = 3 + 3*w**2 - 2 - 2*w**2 - 2 + n*w**3. Calculate q(1).
4
Let g be 1 - (-4 - (-14 + 1)). Let m(c) = -31 + 4*c + 4 - 7*c**2 + 7 - c**3 + 9 + 2*c. What is m(g)?
5
Let j(f) = -f + 4*f + 2*f**2 - f - 2. Let v(g) = 22*g - 369. Let p(z) = -33*z + 560. Let i(l) = -5*p(l) - 8*v(l). Let x be i(14). Determine j(x).
2
Let k(c) = 91 + 94*c + 28*c - 93 - 30*c. What is k(1)?
90
Suppose 0 = -11*i + 9*i + 58. Suppose -5*x = -2*x + 2*w + i, -4*x - w = 32. Let r(p) = -p**3 - 8*p**2 - 5*p + 7. Give r(x).
-7
Let k(w) = 2*w - 4*w + w - 23. Let p(x) = -22*x - 222. Let h(g) = g + 1. Let r(y) = 36*h(y) + 2*p(y). Let d be r(-51). What is k(d)?
-23
Let q(v) be the first derivative of v**3/3 - 15*v + 1490. What is q(3)?
-6
Let r(u) = -16*u**2 + 30559*u**3 + 30558*u**3 - 61118*u**3 + 7*u + 15. What is r(-16)?
-97
Let r = 90 + -91. Suppose 8*a - 40 = -0*a. Let p(v) = 2*v**3 + 2*v**3 - 4 + a - 2*v**3 + v. Give p(r).
-2
Let u = -405 + 524. Let t(w) = -4 + 59*w - u*w + 1 + 45*w. Let v(g) = g - 8. Let s be v(6). Determine t(s).
27
Let b(q) be the third derivative of q**5/60 - q**4/6 - 5*q**3/6 + 76*q**2. Let v be 1*(-4)/16*0. Suppose 4 = 2*k - x + 1, v = k + x - 9. Calculate b(k).
-5
Let c(x) = x**2 - 13*x + 13. Let v(a) = -a + 1. Suppose -10*s - 6*s = -48. Suppose -2 = -5*z + s. Let g(w) = z*c(w) - 4*v(w). What is g(9)?
9
Let j(u) be the second derivative of u**4/24 - u**3/6 + 107*u**2/2 - 122*u. Let b(t) be the first derivative of j(t). Determine b(2).
1
Let n(p) = -p**3 - 27*p**2 - 5*p - 120. Let l be n(-27). Let y(x) = -14*x**2 + 3 + 0*x + 7 - l*x**2 + 28*x**2 + 3*x. What is y(6)?
-8
Let h(o) = 22*o - 8. Let d(k) = 13*k - 4. Let t(w) = 5*d(w) - 3*h(w). Let p be (5/((-20)/16))/(-2). Suppose p*u = 7*u + 3*g + 33, -g - 1 = 0. Calculate t(u).
10
Let m be ((-7)/(-21))/(-1 - (-5)/6). Let o(h) = 2*h**2 + 2*h + 6. Let q be o(m). Let w(v) = -q + 6*v**2 + 5 + 1 + 5. Determine w(1).
7
Suppose 4*o = 5*y + 8, -5*y = -o - 4*y + 1. Let n(l) = -3*l - 1. Give n(o).
8
Suppose -2*f = -4*s + 22, -5*f + s - 12 = 7. Let x be 262/f + 3*(-2)/(-18). Let t = x - -87. Let m(z) = -z**3 + 6. What is m(t)?
6
Let r = 23684 + -23681. Let w(c) be the first derivative of -2*c**r - 5/2*c**2 + 27 - 5*c - 1/4*c**4. Give w(-5).
-5
Suppose 13 - 3 = -5*h. Suppose 2*c = u - 13, 0 = -0*c + 4*c - 4*u + 32. Let p be h/5 - 17/c. Let g(v) = v**3 - 5*v**2 + 5*v - 2. Give g(p).
-5
Let k be 4/(-15)*-6 - (-36)/(-60). Suppose 10*n - 5*n = 50. Let v(o) = o + 6 - n + 3 - 4*o. Give v(k).
-4
Let y(z) be the first derivative of z**2/2 + 2*z - 15. Let u(c) = -9*c - 11. Let k(q) = u(q) + 6*y(q). Give k(2).
-5
Let y(p) be the first derivative of 3 - 3*p + 7/3*p**3 + 5/2*p**2 + 1/4*p**4. Give y(-6).
3
Suppose -1688 = 47*l - 186*l + 397. Let a(d) be the third derivative of 0 + l*d**2 - 1/3*d**3 + 0*d + 1/20*d**5 - 1/120*d**6 + 7/24*d**4. What is a(5)?
-17
Let v(y) = 15*y + 135. Let a be v(-6). Suppose 205 = 16*l + a. Let d(c) = 2*c - 18. What is d(l)?
2
Let i be 17 - ((24 - 14) + -2). Let y(s) = -s**3 + 7*s**2 + 15*s + 22. Determine y(i).
-5
Let r(o) be the first derivative of -o**4/4 + 7*o**3/3 - 2*o**2 - 9*o - 10322. Calculate r(6).
3
Let x = 699 + -709. Let t be 112/x + (-136)/170. Let p(k) = -k**3 - 13*k**2 - 13*k - 7. Determine p(t).
5
Let z(j) = j**2 - 6*j + 2. Suppose 4*p = q - 0*p, 0 = 4*q - 5*p - 55. Suppose 15*f - 20*f = q. Let b be (-259)/(-49) - (-3)/42*f. Calculate z(b).
-3
Let z be 37/5 - ((-42)/35)/(-3). Let i(u) = -z + 8 - u**2 + 7 + 6*u. Determine i(7).
1
Let p be 6/(-4)*(84 - (-32)/4). Let j = 143 + p. Let k(w) = -w - 1. What is k(j)?
-6
Let i be (-1 - 1)/((-8)/(39 - -1)). Let l(k) = -18*k - 12*k + 0*k**3 + 8*k**2 + k**3 + 35*k - i. Let m(f) = f**3 - 7*f**2 + 5*f - 1. Let u be m(6). Give l(u).
4
Let h(n) = -n - 7. Let p = 510 + -733. Let i = 228 + p. Calculate h(i).
-12
Let r(o) be the first derivative of o**5/20 - 5*o**4/6 + 3*o**3/2 - 3*o**2/2 + 61*o - 70. Let n(f) be the first derivative of r(f). Determine n(9).
-3
Let k = -47